{"id":1420,"date":"2023-07-30T21:22:12","date_gmt":"2023-07-30T18:22:12","guid":{"rendered":"https:\/\/naqliyecim.com\/?page_id=1420"},"modified":"2023-07-31T19:44:23","modified_gmt":"2023-07-31T16:44:23","slug":"cekmekoy-nakliye","status":"publish","type":"page","link":"https:\/\/naqliyecim.com\/index.php\/cekmekoy-nakliye\/","title":{"rendered":"\u00dcsk\u00fcdar Nakliye"},"content":{"rendered":"\n<p>\u00dcSK\u00dcDAR NAKL\u0130YAT<br>\u00dcSK\u00dcDAR Nakliye \u015fehir i\u00e7i ve \u015fehirer aras\u0131<\/p>\n\n\n\n<p>\u00dcSK\u00dcDAR NAKL\u0130YAT hizmetleri ve Ta\u015f\u0131mac\u0131l\u0131k<br>\u00dcSK\u00dcDAR NAKL\u0130YE \u015fehir i\u00e7i ve \u015fehirler aras\u0131 her t\u00fcrk\u00fc Nakliye i\u015fleriniz \u00f6zen ve itina ile yap\u0131l\u0131r.<\/p>\n\n\n\n<pre class=\"wp-block-code\"><code>           \u00dcSK\u00dcDAR NAKL\u0130YE <\/code><\/pre>\n\n\n\n<p>\u00dcSK\u00dcDAR Evden Eve Nakliyat<\/p>\n\n\n\n<p>G\u00fcn\u00fcm\u00fcz ko\u015fullar\u0131nda artan n\u00fcfus ile birlikte kentlerde olu\u015fan y\u0131\u011f\u0131lmalar sonucu y\u00fcksek katl\u0131 bina yerle\u015fimine ge\u00e7ilmi\u015f, b\u00f6ylece insanlar\u0131n ka\u00e7\u0131n\u0131lmaz ihtiya\u00e7lar\u0131 meydana gelmi\u015ftir. \u00dcSK\u00dcDAR Evden eve nakliyat bu temel ihtiya\u00e7lar\u0131n ba\u015f\u0131nda gelmektedir. Daima konforlu bir hayat d\u00fc\u015fleyen insanlar i\u00e7in bir yerden ba\u015fka bir yere ta\u015f\u0131nmak olduk\u00e7a g\u00fc\u00e7 olup, nakliyat i\u015flemlerini minimum hasar ve en k\u0131sa zaman i\u00e7erisinde ger\u00e7ekle\u015ftirmek istemektedirler. \u0130\u015fte bu sorunlar \u0131\u015f\u0131\u011f\u0131nda sizlere hizmet etmekten mutluluk duyaca\u011f\u0131z; problem olarak g\u00f6r\u00fclen evden eve ta\u015f\u0131nma i\u015flemlerinizi, \u00dcSK\u00dcDAR evden eve nakliyat firmas\u0131 olarak t\u00fcm hizmet i\u00e7eri\u011fini alan\u0131nda uzman kadro ile sunuyor ve garantili hizmetin anahtar\u0131n\u0131 size ayr\u0131cal\u0131kl\u0131 olarak sunuyoruz.Her i\u015fimiz itinaile yap\u0131lmaktad\u0131r.Naqliyecim 7\/24 hizmetinizdedir.<\/p>\n\n\n\n<p>\u00dcSK\u00dcDAR Evden Eve Nakliye<\/p>\n\n\n\n<p>Neden Bizi Tercih Etmelisiniz?<\/p>\n\n\n\n<p>\u00dcSK\u00dcDAR evden eve nakliyat i\u00e7in talep olu\u015fturduktan sonra, firmam\u0131z, \u00fccretsiz ke\u015fif hizmeti sunmaktad\u0131r. Ekspertiz ile binan\u0131z\u0131n cephesi incelenir. Evden eve nakliyat i\u015flemlerinizin kusursuz ger\u00e7ekle\u015ftirmek i\u00e7in rapor haz\u0131rlan\u0131r. Bu a\u015famalardan sonra en uygun fiyat belirlenir. Sizler i\u015finizden, de\u011ferli zaman\u0131n\u0131zdan kay\u0131p vermeden, uzman kadromuzca de\u011ferli e\u015fyalar\u0131n\u0131z\u0131n \u00f6zenle ambalajlanmas\u0131yla yeni adresinize huzurlu bir ge\u00e7i\u015f imkan\u0131 sa\u011flan\u0131r.<\/p>\n\n\n\n<p>\u00dcSK\u00dcDAR Ofis Ta\u015f\u0131ma Hizmet \u0130\u00e7eri\u011fi<\/p>\n\n\n\n<p>Ofisler i\u00e7inde de\u011ferli e\u015fya, evrak, hassas birikintiler bar\u0131nd\u0131r\u0131r. Ta\u015f\u0131ma i\u015flemleri bu a\u015famada olduk\u00e7a \u00f6nemli olacakt\u0131r. Hem i\u015f verimlili\u011finden hem de de\u011ferli e\u015fyalardan kay\u0131p vermemek gereklidir. \u00dcSK\u00dcDAR ofis ta\u015f\u0131ma firmas\u0131 olarak \u00e7al\u0131\u015fma d\u00fczeniniz hi\u00e7bir \u015fekilde etkilenmeyecektir. H\u0131zl\u0131 ve g\u00fcvenilir hizmet i\u00e7eri\u011fi ile yeni adresinize ge\u00e7i\u015f sa\u011flayabilirsiniz.<\/p>\n\n\n\n<p>\u00dcSK\u00dcDAR nakliye; Kad\u0131k\u00f6y, Aksaray, Alibeyk\u00f6y, Ambarl\u0131, Arnavutk\u00f6y, Atakent, Atak\u00f6y, Ata\u015fehir, Avc\u0131lar, Ba\u011fc\u0131lar, Bah\u00e7elievler, Bah\u00e7e\u015fehir, Bak\u0131rk\u00f6y, Baltaliman\u0131, Ba\u015fak\u015fehir, Bayrampa\u015fa, Bebek, Be\u015fikta\u015f, Beyazit, Beykoz, Beylerbeyi, Beylikd\u00fcz\u00fc , Beyo\u011flu, Bostanc\u0131, B\u00fcy\u00fck\u00e7ekmece, Caddebostan, Ca\u011falo\u011flu, Cihangir, \u00c7a\u011flayan, \u00c7atalca, \u00c7avu\u015fba\u015f\u0131, \u00dcSK\u00dcDAR, \u00c7emberlita\u015f, Emin\u00f6n\u00fc, Emirgan, Erenk\u00f6y, Esenler, Esenyurt, Etiler, Ey\u00fcp, Fatih, Ferik\u00f6y, Florya, Gaziosmanpa\u015fa, G\u00f6kt\u00fcrk, G\u00f6ztepe, G\u00fcne\u015fli, G\u00fcng\u00f6ren, Halkal\u0131, Haznedar, \u0130\u00e7erenk\u00f6y, \u0130kitelli, \u0130stinye, Kemerburgaz, Kad\u0131k\u00f6y, Ka\u011f\u0131thane, Karak\u00f6y, Kartal, Kas\u0131mpa\u015fa, Kavac\u0131k, Kilyos, Kozyata\u011f\u0131, Kumburgaz, Kurtk\u00f6y, Kurtulu\u015f, K\u00fc\u00e7\u00fck\u00e7ekmece, K\u00fc\u00e7\u00fckyal\u0131, Laleli, Levent, Libadiye, Ma\u00e7ka, Maltepe, Maslak, Mecidiyek\u00f6y, Merter, Ni\u015fanta\u015f\u0131, Okmeydan\u0131, Ortak\u00f6y, Pendik, Samand\u0131ra, Sancaktepe, Sar\u0131yer, Sefak\u00f6y, Silivri, Sultanbeyli, Sultanbeyli, Sultan\u00e7iftli\u011fi, Sultangazi, \u015eenlikk\u00f6y, \u015eile, \u015eirinevler, \u015ei\u015fli, Taksim, Tarabya, Topkap\u0131, Tuzla, Ulus, \u00dcmraniye, \u00dcsk\u00fcdar, Yenibosna , Ye\u015filk\u00f6y,Yakac\u0131k,Ye\u015filyurt, Zekeriyak\u00f6y, Zeytinburnu, Zincirlikuyu nakliye firmalar\u0131.<\/p>\n\n\n\n<p>\u00dcSK\u00dcDAR nakliyat, \u00dcSK\u00dcDAR nakliyeciler,\u00dcSK\u00dcDAR evden eve nakliyat,\u00dcSK\u00dcDAR paletli malzeme Nakliye,\u00dcSK\u00dcDAR ofis b\u00fcro ta\u015f\u0131mac\u0131l\u0131\u011f\u0131 kamyonet,fuar kongre ta\u015f\u0131ma nakliyesi, \u00dcSK\u00dcDAR nakliye kamyonet,\u00dcSK\u00dcDAR nakliyat kamyonet\u00e7iler,\u00dcSK\u00dcDAR b\u00fcy\u00fck k\u00fc\u00e7\u00fck nakliye ara\u00e7lar\u0131,kamyoncular \u00dcSK\u00dcDARden kamyonet ara\u00e7lar,\u00dcSK\u00dcDAR \u015fehirler aras\u0131 nakliye kamyon kamyonet, Maslaknakliye, \u00dcSK\u00dcDAR kamyonet\u00e7iler,kamyonet\u00e7i \u00dcSK\u00dcDAR nakliye firmalar\u0131,\u00dcSK\u00dcDAR ambar firmlar\u0131,\u00dcSK\u00dcDAR \u015fehir i\u00e7i nakliye \u00fccretleri,Maslak iller aras\u0131 nakliye hesaplama,\u00dcSK\u00dcDAR i\u00e7i ta\u015f\u0131mac\u0131lar,\u00dcSK\u00dcDAR ta\u015f\u0131mac\u0131lar.Malzemeler paketleme yap\u0131l\u0131r.<br>G\u00fcvenilir nakliyenin adresi naqliyecim.<\/p>\n","protected":false},"excerpt":{"rendered":"<p>\u00dcSK\u00dcDAR NAKL\u0130YAT\u00dcSK\u00dcDAR Nakliye \u015fehir i\u00e7i ve \u015fehirer aras\u0131 \u00dcSK\u00dcDAR NAKL\u0130YAT hizmetleri ve Ta\u015f\u0131mac\u0131l\u0131k\u00dcSK\u00dcDAR NAKL\u0130YE \u015fehir i\u00e7i ve \u015fehirler aras\u0131 her t\u00fcrk\u00fc Nakliye i\u015fleriniz \u00f6zen ve itina ile yap\u0131l\u0131r. \u00dcSK\u00dcDAR Evden Eve Nakliyat G\u00fcn\u00fcm\u00fcz ko\u015fullar\u0131nda artan n\u00fcfus ile birlikte kentlerde olu\u015fan y\u0131\u011f\u0131lmalar sonucu y\u00fcksek katl\u0131 bina yerle\u015fimine ge\u00e7ilmi\u015f, b\u00f6ylece insanlar\u0131n ka\u00e7\u0131n\u0131lmaz ihtiya\u00e7lar\u0131 meydana gelmi\u015ftir. \u00dcSK\u00dcDAR Evden &hellip;<\/p>\n<p class=\"read-more\"> <a class=\"\" href=\"https:\/\/naqliyecim.com\/index.php\/cekmekoy-nakliye\/\"> <span class=\"screen-reader-text\">\u00dcsk\u00fcdar Nakliye<\/span> Devam\u0131 &raquo;<\/a><\/p>\n","protected":false},"author":1,"featured_media":0,"parent":0,"menu_order":0,"comment_status":"closed","ping_status":"closed","template":"","meta":{"_monsterinsights_skip_tracking":false,"_monsterinsights_sitenote_active":false,"_monsterinsights_sitenote_note":"","_monsterinsights_sitenote_category":0,"site-sidebar-layout":"default","site-content-layout":"default","ast-global-header-display":"","ast-banner-title-visibility":"","ast-main-header-display":"","ast-hfb-above-header-display":"","ast-hfb-below-header-display":"","ast-hfb-mobile-header-display":"","site-post-title":"disabled","ast-breadcrumbs-content":"","ast-featured-img":"","footer-sml-layout":"","theme-transparent-header-meta":"","adv-header-id-meta":"","stick-header-meta":"","header-above-stick-meta":"","header-main-stick-meta":"","header-below-stick-meta":""},"aioseo_notices":[],"_links":{"self":[{"href":"https:\/\/naqliyecim.com\/index.php\/wp-json\/wp\/v2\/pages\/1420"}],"collection":[{"href":"https:\/\/naqliyecim.com\/index.php\/wp-json\/wp\/v2\/pages"}],"about":[{"href":"https:\/\/naqliyecim.com\/index.php\/wp-json\/wp\/v2\/types\/page"}],"author":[{"embeddable":true,"href":"https:\/\/naqliyecim.com\/index.php\/wp-json\/wp\/v2\/users\/1"}],"replies":[{"embeddable":true,"href":"https:\/\/naqliyecim.com\/index.php\/wp-json\/wp\/v2\/comments?post=1420"}],"version-history":[{"count":3,"href":"https:\/\/naqliyecim.com\/index.php\/wp-json\/wp\/v2\/pages\/1420\/revisions"}],"predecessor-version":[{"id":1452,"href":"https:\/\/naqliyecim.com\/index.php\/wp-json\/wp\/v2\/pages\/1420\/revisions\/1452"}],"wp:attachment":[{"href":"https:\/\/naqliyecim.com\/index.php\/wp-json\/wp\/v2\/media?parent=1420"}],"curies":[{"name":"wp","href":"https:\/\/api.w.org\/{rel}","templated":true}]}}